3
What is the value of -2 + 36 + -341 + 297?
-10
What is the value of -64 + 80 + -49 - (9 + -6)?
-36
Calculate (1 - -41) + (-13759 - -13829).
112
What is 2 - -12 - (-479 + 486)?
7
What is the value of -14847 + 14750 - (1 + -4 + 1)?
-95
18 + (36 - 18 - 98)
-62
Evaluate 2 + -7 + 10 + 39 + -31.
13
What is 72 + -158 + -15 + 131?
30
What is the value of 81 - (15 - 28 - (1 + -7 - -6))?
94
What is the value of (-11 - (0 + -1)) + (-17 - (42 - (-50 + 191)))?
72
Calculate 44 + -9 + 5 + (1 - -8) + (-7 - 9).
33
What is (2895 - 2860) + -31 + 1?
5
What is the value of -1 - (-4 - -1 - (4 + -36 + 1))?
-29
Calculate 10 + -11 + -5 + 9 - (-24 + -7 + 26).
8
Evaluate -50 - -66 - (-3 + -7 + -6 + 36).
-4
What is ((39 - 54) + 7 - (3 - 1)) + -38 + 0?
-48
Calculate 10 - (-167 + 415 + -120 + (2 - 2 - -13)).
-131
(-11 + 19 + -10 - (4 + 6 - 20)) + -70
-62
Calculate -141 + 74 + (4 - (-5 - -4) - 0) + 5.
-57
What is the value of 2 + (-68 - -72) + (-1 - 14) + -21?
-30
-44 - (-89 + (-15 - -56))
4
Calculate -1 + -14 - (65 - ((-13 - -38) + 31)).
-24
Evaluate -16 - ((5 - 21) + 6 + -8).
2
Calculate 12 + -3 + (18 - 6) - 71.
-50
(6 - -2) + 104 + -134 - -19
-3
Calculate -16 + 70 - ((-8 - -16 - 13) + 7) - -9.
61
What is the value of -1 + -23 + -28 + 146 + -118?
-24
What is 0 + 34 + 0 + 170 + (300 - 474)?
30
What is -70 + (-6 - -65) + -44?
-55
-9 + (20 - -28 - (1 + 6))
32
Calculate 2 - (32 + (25 - 47) + 3 + -1).
-10
What is 6 - (-5 + 16) - (-68 + 5 + 19)?
39
What is the value of (-31 - ((-35 - -5) + -30)) + -122?
-93
What is (1050 - 1070) + (4 - 3)?
-19
Calculate 0 + -12 - (-21 + -31 + 32 + -18).
26
Evaluate 4 + 29 + 5 - (1052 - 1031).
17
What is the value of 1 + 3 - (-64 + 8 + -9 + -8)?
77
15 + 17 + 21 + (12 - -1)
66
Evaluate -68 - (542 + -529 + (-34 - 1)).
-46
What is 5 + -17 - -2 - ((-11 - -9) + 25)?
-33
What is (-28 - -30) + 4 + -42?
-36
What is -22 - -32 - 90 - -30?
-50
Calculate -34 - (-2 - -36) - (-11 - -3).
-60
What is (-20 - (-48 - 30)) + -64?
-6
2 + -2 + (-23 - -20) + 29
26
-3776 + 3729 + 2 + -2 + 4 + 0
-43
What is the value of (60 - 23) + -44 + 52?
45
What is the value of (-23 - (73 - 46)) + 31?
-19
What is (0 - 0) + 45 + 18 + 19 + (-39 - -13)?
56
Calculate -18 + -137 + (625 - 584).
-114
Calculate -59 + (56 - 37) - -76.
36
What is 40 + 8 + (-38 - -28 - (2 - 4))?
40
What is the value of 98 + -94 + 55 + -185?
-126
Calculate -24 + 16 + -10 + -11 + 121.
92
Evaluate -6 + 4 + -44 + (-1534 - -1512).
-68
What is -60 - (3 + ((7 + 4 - -3) + -15 - 6))?
-56
Evaluate 19 + (-9 - -20) + -12 + (2 - 7).
13
Calculate (14 - -1) + -18 + (75 - 69) - -22.
25
What is -29 + -6 + 8 + -12 + 18?
-21
What is the value of -274 - -254 - (1 - 57)?
36
Evaluate 79 - ((-12 - (-14 + 1 + (88 - 92))) + -10).
84
-89 + 210 + 51 + -139
33
What is (-5 + -16 - (53 + -141)) + -23?
44
Calculate (5 - 3) + -4 - (-14 + (8 - 10) + 2).
12
Evaluate -73 + (21 - ((6 - 14) + 5)).
-49
Calculate 5 - (42 + -2 + -56).
21
Calculate 44 + 73 + -68 - -17.
66
(24 - (14 - 33)) + -4
39
What is the value of 0 + -2 + (10 + (12 - 3) - -14)?
31
Evaluate (3 - 5 - ((27 - 15) + -11) - 7) + 93.
83
Calculate -13 - (-28 + (9 - -4 - -25)).
-23
Evaluate -9 + (-4 + -6 - -28 - 8) + (-2 - -138).
137
What is the value of (0 - (13 + -1)) + (58 - (-115 - -194))?
-33
Evaluate -3 + (-16 - 25 - -37 - (-1 - -3 - 16)).
7
Evaluate -9 + 6 + 2 + -15 - (-216 + 345).
-145
Calculate -15 - (((4 - -17) + -3 - -8) + -8 - 16).
-17
What is the value of 7 - (-10 + 3) - (12 - 1 - -3)?
0
What is the value of 43 - (34 + -19 + -1)?
29
Evaluate -15 + -2 - (37 + -35 - 15).
-4
What is (-432 - -430) + (-28 - -7)?
-23
Evaluate (-79 - -45) + 98 + -129.
-65
What is the value of 53 - ((-10 - -27 - 30) + 3 + -1 + 4)?
60
Evaluate -18 + -3 + 0 + (310 - 146 - 62).
81
Calculate 3 + 1 + 4 + -3 + (0 + -17 - 14).
-26
-99 - (-18 + (-76 - -10))
-15
30 + -20 - (2 - -20) - 29
-41
What is the value of (-14 - -59 - 97) + (-8 - (-2 + 0 + 3))?
-61
9 + (5 + -5 - 12 - -16) + -1
12
Evaluate 57 + (-71 + -9 - -33).
10
What is 2 + 75 - (-46 + -53 - -125)?
51
Calculate -1693 + 1783 - (62 + 0).
28
What is the value of 11 + (-8 - (2 - -29)) + (11 - 17)?
-34
0 + -1 + 15 - (-43 + 36 + -32)
53
What is the value of 102 + (48 - 55) + -87?
8
0 + -28 - (35 + (-14 - (24 - (22 - 7))))
-40
What is (11 - -2) + 0 + 59 + (-8 - 86)?
-22
What is -45 - (24 - 2 - (-54 + 83))?
-38
What is 279 + -241 - (-3 - -8)?
33
Evaluate -74 + -92 + 212 + -55.
-9
Evaluate (19 - 8) + -41 + 28.
-2
16 + (-98 - 12) + (-5 - 2) + -20
-121
Calculate -71 + -27 + 31 + 40.
-27
What is the value of 355 + -396 + (-1 - -53)?
11
Evaluate 0 + 122 + -31 - 32.
59
Evaluate -72 + -59 + 129 + (0 - (-62 + -1)).
61
Calculate (190 - 211) + -2 + 98 - 19.
56
What is 9 - (1 - 10 - (-56 - -2 - 9))?
-45
Evaluate (2 + -10 - -15) + -26 + 43 + -1 + -10.
13
(-9 + -13 - (40 - 75)) + (-132 - (3 - 5))
-117
Evaluate (11 - -10) + -12 - (-3 - -5 - (-43 - -49)).
13
What is the value of -48 + 84 + -54 + 6?
-12
Calculate -8 - (49 + -13 - 23).
-21
What is (-15 - 3) + 68 + (19 - 91)?
-22
What is the value of -45 + (10 - 28) - ((-5 - 9) + -8 + 13)?
-54
What is the value of 45 + -20 - 27 - -59?
57
What is the value of 2 - (8 - (-22 - (-10 + -9)))?
-9
What is 50 - ((-2 - (1 + 2)) + 1041 + -1048)?
62
Calculate (-83 - (-206 - -153)) + 1 + 22 + 132.
125
What is the value of (2 - -58) + (-18 - (15 + -3))?
30
Evaluate -16 + 0 + (-37 - (-178 - -129)).
-4
Calculate -86 + (-5 + -17 + 13 + 28 - 30).
-97
Calculate -1 + (-10 - 2) + (-2 - 1 - (6 + -58)).
36
What is the value of -2 + -6 + -46 + (2 - (-1 + 2)) + -7?
-60
Calculate 189 - (86 - -121) - (-93 + 2 + 0).
73
Evaluate (-42 - -1) + (-9 - (14 + -50 + 21)) + -12.
-47
44 + -21 + (-44 - -5)
-16
Evaluate (-3 - -91) + -2 - 2 - (3842 + -3848).
90
Evaluate -14 - -28 - (-30 + -2 + 5 + -14).
55
What is the value of -21 + (2 - 8 - (-536 + 535))?
-26
Evaluate -27 - (-25 - 9) - 28.
-21
Calculate 3 - (-44 - (-14 + 1 - (-10 - 3))).
47
Calculate -2 - (1 - 3) - (-46 + (84 - 36)).
-2
Calculate -5 + (19 - 20) - (0 - 1) - (12 + 15).
-32
-12 - (7 + -43 - -67) - (0 - -7)
-50
Calculate 1 - 2 - ((-29 - 7) + -6 + 1 + 5).
35
(-9 - -6 - (94 + 2)) + 16 + -1
-84
What is the value of 6 + (75 - 46) - (-3 + -4)?
42
What is the value of 55 + (18 - 52) + -41?
-20
What is the value of (-24 + (4 - -29) - 95) + 14?
-72
Evaluate 73 + (-8 - -1) + (41 + -26 - 33 - -14).
62
0 - 0 - (35 - (65 - 17 - -12))
25
What is the value of -57 + -3 + -1 + 4 + (-64 - -61)?
-60
What is the value of -1 + 65 + 130 + -178?
16
(-21 - -5) + 109 - 10 - 24
59
What is -54 - (-20 + 39 + (-51 - -39))?
-61
What is the value of 14 - (-29 + 104) - -56?
-5
73 - ((-2112 - -2081) + 1 + 38)
65
-86 + -161 + 82 + 62
-103
-8 + 1 + 26 + (20 - 45 - 10)
-16
What is the value of (400 - 463) + (-3 - -96)?
30
3 + 12 - ((44 - 37) + -42)
50
Evaluate (19 - 0 - (-65 - -24 - 27)) + 10 + 2.
99
Calculate 61 + -18 + -51 - (0 + 32).
-40
-1187 + 1151 - (0 + (-3 - -3) - 9)
-27
What is the value of 28 + -14 + 18 - 64?
-32
46 + (-21 - (18 + -3))
10
What is -244 + 232 + (3 + -3 - 1)?
-13
Evaluate 23 - 13 - 47 - 4.
-41
-9 - (10 + -11 + 0 + (-16 - -10))
-2
-21 + (83 - 46 - -71)
87
What is -12 - (21 + -35 - (2 + -11)) - -25?
18
Calculate -82 + (130 + -84 - -3).
-33
-111 + (10 + 1 + -50 + 32 - 8)
-126
What is (19 - (6 + -3)) + (-94 - (-12 - -57)) + 6?
-117
Evaluate 102 + (87 - 92) - 107.
-10
Calculate (2 - (-2 + -7)) + -209 + 317 + -36 + 8.
91
What is the value of 30 + (43 - 6 - (2 + 8))?
57
-233 + 208 + -76 + 31
-70
10 + 16 + -22 + -6 + 0 + 3 - -30
31
What is the value of 142 + -26 + (31 - 40 - (1 + -45))?
151
What is the value of (-7 - (-1 - (2 + -5)) - (-88 - -80)) + -18?
-19
Evaluate -1 - 2 - 8 - (-84 + -44 - -28).
89
Evaluate -27 - (10 + (-5 - -2) + (0 - 2)).
-32
-2 + (-22 - (-6 + -18 + -10))
10
Calculate 18 - (6 + -8) - (-16 - 0 - -8 - -8).
20
What is -47 - (7 + -2 - ((-3 - (8 - 5)) + 7))?
-51
What is (2 - -30 - (55 + (23 - 55))) + (2 - 121)?
-110
What is the value of 144 + (80 - -2) + -103?
123
Calculate -9 + (-42 - (-11 + -4 - -5)).
-41
Calculate 1 + -47 + (-1762 - -1821).
13
Calculate -7 + (7 - (2 - -12)) + 28 + -28.
-14
-16 + 8 + (18 - ((10 - 6) + 17))
-11
What is the value of 3 + -9 - (7 + -4 + (-29 - -16) + 61)?
-57
Evaluate 361 + 199 + -498 + 1 + -2 + 14.
75
(-104 - (-20 + -59)) + (0 - -16)
-9
Evaluate 0 + -15 + (11 - (-